st the prime factors of 240.
2, 3, 5
What are the prime factors of 4230?
2, 3, 5, 47
What are the prime factors of 177804?
2, 3, 11, 449
What are the prime factors of 1388?
2, 347
What are the prime factors of 38?
2, 19
What are the prime factors of 10704?
2, 3, 223
List the prime factors of 286.
2, 11, 13
List the prime factors of 33049.
33049
List the prime factors of 155.
5, 31
What are the prime factors of 513?
3, 19
List the prime factors of 1577.
19, 83
List the prime factors of 21485.
5, 4297
List the prime factors of 628.
2, 157
What are the prime factors of 23106?
2, 3, 3851
List the prime factors of 2555.
5, 7, 73
What are the prime factors of 522?
2, 3, 29
What are the prime factors of 4074?
2, 3, 7, 97
List the prime factors of 510.
2, 3, 5, 17
List the prime factors of 2584.
2, 17, 19
What are the prime factors of 2165?
5, 433
What are the prime factors of 38994?
2, 3, 67, 97
List the prime factors of 1366.
2, 683
What are the prime factors of 167651?
11, 15241
List the prime factors of 2591.
2591
List the prime factors of 12506.
2, 13, 37
What are the prime factors of 51783?
3, 41, 421
What are the prime factors of 1298?
2, 11, 59
What are the prime factors of 64539?
3, 71, 101
What are the prime factors of 4249?
7, 607
List the prime factors of 145.
5, 29
List the prime factors of 38590.
2, 5, 17, 227
What are the prime factors of 6931?
29, 239
What are the prime factors of 4603?
4603
What are the prime factors of 1992?
2, 3, 83
List the prime factors of 18554.
2, 9277
What are the prime factors of 6812?
2, 13, 131
List the prime factors of 220.
2, 5, 11
List the prime factors of 17189.
17189
What are the prime factors of 31526?
2, 11, 1433
What are the prime factors of 14777?
7, 2111
List the prime factors of 2428.
2, 607
List the prime factors of 105.
3, 5, 7
What are the prime factors of 3979?
23, 173
What are the prime factors of 1182?
2, 3, 197
What are the prime factors of 1042?
2, 521
List the prime factors of 2484.
2, 3, 23
List the prime factors of 1190.
2, 5, 7, 17
What are the prime factors of 15472?
2, 967
List the prime factors of 26809.
17, 19, 83
What are the prime factors of 3898?
2, 1949
What are the prime factors of 677?
677
List the prime factors of 66820.
2, 5, 13, 257
What are the prime factors of 68380?
2, 5, 13, 263
What are the prime factors of 112475?
5, 11, 409
List the prime factors of 5813.
5813
List the prime factors of 21865.
5, 4373
List the prime factors of 40026.
2, 3, 7, 953
What are the prime factors of 1257?
3, 419
What are the prime factors of 833?
7, 17
List the prime factors of 116.
2, 29
List the prime factors of 1483.
1483
What are the prime factors of 1048?
2, 131
List the prime factors of 67173.
3, 22391
What are the prime factors of 10899?
3, 7, 173
What are the prime factors of 2833?
2833
List the prime factors of 680.
2, 5, 17
What are the prime factors of 1347?
3, 449
What are the prime factors of 4133?
4133
What are the prime factors of 149?
149
List the prime factors of 828.
2, 3, 23
What are the prime factors of 46329?
3, 15443
What are the prime factors of 3652?
2, 11, 83
List the prime factors of 16812.
2, 3, 467
What are the prime factors of 2635?
5, 17, 31
List the prime factors of 31132.
2, 43, 181
List the prime factors of 37.
37
What are the prime factors of 3122?
2, 7, 223
List the prime factors of 41593.
41593
List the prime factors of 67926.
2, 3, 11321
What are the prime factors of 65837?
65837
What are the prime factors of 61451?
13, 29, 163
What are the prime factors of 16584?
2, 3, 691
What are the prime factors of 325?
5, 13
What are the prime factors of 790?
2, 5, 79
List the prime factors of 833.
7, 17
What are the prime factors of 981?
3, 109
What are the prime factors of 565?
5, 113
What are the prime factors of 17?
17
What are the prime factors of 17732?
2, 11, 13, 31
What are the prime factors of 1655?
5, 331
List the prime factors of 26180.
2, 5, 7, 11, 17
What are the prime factors of 4250?
2, 5, 17
List the prime factors of 7338.
2, 3, 1223
What are the prime factors of 4815?
3, 5, 107
List the prime factors of 2057.
11, 17
List the prime factors of 67.
67
What are the prime factors of 660?
2, 3, 5, 11
What are the prime factors of 125460?
2, 3, 5, 17, 41
List the prime factors of 52738.
2, 7, 3767
List the prime factors of 3742.
2, 1871
List the prime factors of 30507.
3, 10169
What are the prime factors of 60?
2, 3, 5
What are the prime factors of 216?
2, 3
List the prime factors of 1243.
11, 113
List the prime factors of 4176.
2, 3, 29
List the prime factors of 8622.
2, 3, 479
List the prime factors of 23897.
23, 1039
What are the prime factors of 7629?
3, 2543
List the prime factors of 1233.
3, 137
List the prime factors of 35508.
2, 3, 11, 269
What are the prime factors of 778?
2, 389
What are the prime factors of 4842?
2, 3, 269
What are the prime factors of 341?
11, 31
List the prime factors of 1493.
1493
List the prime factors of 94071.
3, 31357
What are the prime factors of 4537?
13, 349
List the prime factors of 775.
5, 31
List the prime factors of 2699.
2699
List the prime factors of 3273.
3, 1091
What are the prime factors of 518?
2, 7, 37
List the prime factors of 573.
3, 191
List the prime factors of 34548.
2, 3, 2879
What are the prime factors of 41958?
2, 3, 7, 37
What are the prime factors of 59661?
3, 7, 947
List the prime factors of 40045.
5, 8009
What are the prime factors of 503?
503
What are the prime factors of 3627?
3, 13, 31
List the prime factors of 281.
281
List the prime factors of 33357.
3, 11119
List the prime factors of 1756.
2, 439
What are the prime factors of 1844?
2, 461
What are the prime factors of 89747?
7, 12821
What are the prime factors of 2564?
2, 641
List the prime factors of 9971.
13, 59
List the prime factors of 1397.
11, 127
List the prime factors of 70859.
59, 1201
What are the prime factors of 7636?
2, 23, 83
List the prime factors of 2396.
2, 599
What are the prime factors of 964?
2, 241
List the prime factors of 2934.
2, 3, 163
List the prime factors of 4549.
4549
List the prime factors of 623.
7, 89
What are the prime factors of 2509?
13, 193
List the prime factors of 942.
2, 3, 157
List the prime factors of 157855.
5, 131, 241
List the prime factors of 9190.
2, 5, 919
What are the prime factors of 1706?
2, 853
What are the prime factors of 15781?
43, 367
What are the prime factors of 13801?
37, 373
What are the prime factors of 2746?
2, 1373
What are the prime factors of 55637?
23, 41, 59
What are the prime factors of 27093?
3, 11, 821
List the prime factors of 149.
149
What are the prime factors of 1299?
3, 433
List the prime factors of 3195.
3, 5, 71
List the prime factors of 9873.
3, 1097
What are the prime factors of 385?
5, 7, 11
List the prime factors of 8664.
2, 3, 19
What are the prime factors of 6695?
5, 13, 103
What are the prime factors of 9358?
2, 4679
List the prime factors of 56718.
2, 3, 23, 137
What are the prime factors of 1127?
7, 23
What are the prime factors of 2018?
2, 1009
What are the prime factors of 109751?
109751
What are the prime factors of 11172?
2, 3, 7, 19
List the prime factors of 1201.
1201
What are the prime factors of 1545?
3, 5, 103
What are the prime factors of 6106?
2, 43, 71
What are the prime factors of 221?
13, 17
What are the prime factors of 2226?
2, 3, 7, 53
List the prime factors of 18216.
2, 3, 11, 23
What are the prime factors of 1487?
1487
What are the prime factors of 29427?
3, 17, 577
What are the prime factors of 8000?
2, 5
List the prime factors of 16280.
2, 5, 11, 37
List the prime factors of 1048.
2, 131
List the prime factors of 2996.
2, 7, 107
List the prime factors of 4011.
3, 7, 191
What are the prime factors of 16574?
2, 8287
What are the prime factors of 4660?
2, 5, 233
List the prime factors of 8766.
2, 3, 487
What are the prime factors of 3329?
3329
List the prime factors of 6901.
67, 103
What are the prime factors of 1052?
2, 263
List the prime factors of 4503.
3, 19, 79
List the prime factors of 4648.
2, 7, 83
What are the prime factors of 77213?
77213
What are the prime factors of 3514?
2, 7, 251
What are the prime factors of 124?
2, 31
List the prime factors of 333.
3, 37
What are the prime factors of 6651?
3, 739
List the prime factor